{"id":301,"date":"2024-06-11T00:16:05","date_gmt":"2024-06-10T22:16:05","guid":{"rendered":"https:\/\/markje.gt\/?page_id=301"},"modified":"2024-06-11T00:16:05","modified_gmt":"2024-06-10T22:16:05","slug":"vision","status":"publish","type":"page","link":"https:\/\/markje.gt\/?page_id=301","title":{"rendered":"Visi\u00f3n"},"content":{"rendered":"<p>En Markje, nos visualizamos como el catalizador que impulsa el \u00e9xito de cada marca que tocamos. Queremos ser reconocidos como l\u00edderes en la industria de productos promocionales, no solo por la calidad de nuestros productos, sino tambi\u00e9n por la creatividad y el servicio excepcional que brindamos. Nuestra visi\u00f3n es inspirar conexiones duraderas y significativas entre marcas y personas en todo el mundo, dejando una impresi\u00f3n imborrable en cada interacci\u00f3n.&#8221;<\/p>\n<p>Estos enunciados mantienen la esencia de tu mensaje original, pero ahora incorporan el nombre de tu empresa, lo que le da un toque m\u00e1s personalizado y distintivo.<\/p>\n","protected":false},"excerpt":{"rendered":"<p>En Markje, nos visualizamos como el catalizador que impulsa el \u00e9xito de cada marca que tocamos. Queremos ser reconocidos como l\u00edderes en la industria de productos promocionales, no solo por la calidad de nuestros productos, sino tambi\u00e9n por la creatividad y el servicio excepcional que brindamos. Nuestra visi\u00f3n es inspirar conexiones duraderas y significativas entre [&hellip;]<\/p>\n","protected":false},"author":1,"featured_media":0,"parent":0,"menu_order":0,"comment_status":"closed","ping_status":"closed","template":"","meta":{"footnotes":""},"class_list":["post-301","page","type-page","status-publish","hentry"],"_links":{"self":[{"href":"https:\/\/markje.gt\/index.php?rest_route=\/wp\/v2\/pages\/301","targetHints":{"allow":["GET"]}}],"collection":[{"href":"https:\/\/markje.gt\/index.php?rest_route=\/wp\/v2\/pages"}],"about":[{"href":"https:\/\/markje.gt\/index.php?rest_route=\/wp\/v2\/types\/page"}],"author":[{"embeddable":true,"href":"https:\/\/markje.gt\/index.php?rest_route=\/wp\/v2\/users\/1"}],"replies":[{"embeddable":true,"href":"https:\/\/markje.gt\/index.php?rest_route=%2Fwp%2Fv2%2Fcomments&post=301"}],"version-history":[{"count":1,"href":"https:\/\/markje.gt\/index.php?rest_route=\/wp\/v2\/pages\/301\/revisions"}],"predecessor-version":[{"id":302,"href":"https:\/\/markje.gt\/index.php?rest_route=\/wp\/v2\/pages\/301\/revisions\/302"}],"wp:attachment":[{"href":"https:\/\/markje.gt\/index.php?rest_route=%2Fwp%2Fv2%2Fmedia&parent=301"}],"curies":[{"name":"wp","href":"https:\/\/api.w.org\/{rel}","templated":true}]}}